1 + 4*h. Determine l(d).
5
Let v(a) = a**2 - 1. Let n(t) = -5*t**2 + 9*t + 12. Let j(k) = n(k) + 6*v(k). What is j(-7)?
-8
Let x = -2 - -14. Suppose 3*s = -s + x. Let d(j) = s - j - 3 - 3. Determine d(-5).
2
Let r(s) = s - 7. Let x be r(5). Let y(c) be the third derivative of c**5/20 - c**4/8 - c**3/2 - 38*c**2 - c. Determine y(x).
15
Let l(o) = 19*o - 18. Let t be l(1). Let r(a) = 10*a + 0 - 1 + 6*a. Calculate r(t).
15
Let t be 1/(76/24 + -3). Suppose -t + 15 = -3*u. Let w(p) = p**3 + 2*p**2 - 4*p - 2. Determine w(u).
1
Let b = -185 - -127. Let f = b + 55. Let u(t) = 2*t**2 + t - 2. Give u(f).
13
Let q be -1*(-4)/(8/(-2)). Let d = 1 + q. Let v(o) = o**2 + o + 5. What is v(d)?
5
Let k(b) = -8*b + 5. Let a be k(-4). Let l = a - 32. Let f(c) = 2*c - 3. What is f(l)?
7
Let j = 14 + -10. Suppose 0 = 2*u + 3*z + 10, -j*u + 2*z + 24 = -3*z. Let y(w) = 0 + u - 3*w**2 - 4*w - 2 + 2*w. Give y(-1).
-2
Let z(o) be the second derivative of -o**3/2 + 2*o**2 - 511*o. Calculate z(-2).
10
Let t(r) be the second derivative of -r**3/6 - 2*r**2 + 381*r. Give t(-2).
-2
Let x be (3/4)/(1/4). Let u(g) = -5 + 6 + g**2 + 4*g + x. Suppose 8*j = -5*f + 4*j - 11, -2*j = -f - 5. Give u(f).
1
Let r be 12 - 1 - ((-12)/4)/(-3). Let s be ((-24)/10 - r/(-25)) + 6. Let x(m) = -m**3 + 4*m**2 + 3*m - 2. Give x(s).
10
Let g(h) = -h - 1. Let r(t) = -t**2 + 10*t + 8. Let w(x) = -6*g(x) - r(x). Determine w(4).
-2
Let f(d) = 2*d**2 + 3. Let w(c) = -11*c**2 - 7*c - 22. Let l(g) = -6*f(g) - w(g). What is l(7)?
4
Let v(q) = -q**2 + 11*q + 36. Let l be v(-3). Let w(r) = -r**2 - 8*r - 8. What is w(l)?
4
Let a(m) = m + 0*m + 2*m**2 + 4*m - 2*m - 1. Let f = 15 + -13. Calculate a(f).
13
Let i(y) be the third derivative of -y**7/2520 - 13*y**6/720 + 7*y**5/30 + 46*y**2. Let j(o) be the third derivative of i(o). What is j(-9)?
5
Let x(b) = -3*b + 9. Suppose -39*d + 36*d + 21 = 0. Let g(u) = u - 4. Let l(f) = d*g(f) + 3*x(f). Suppose -4*j = -2*c - 3 - 1, 2*c = -4*j + 4. Give l(j).
-3
Let d(n) = -n**3 + 10*n**2 - 8*n - 7. Let v be d(9). Let z(g) be the first derivative of g**4/2 - 2*g**3/3 - 3*g**2/2 + 3*g - 3. Calculate z(v).
5
Let z(s) = -2*s**2 + 2*s + 13. Let b be z(0). Let l(h) be the third derivative of 5/24*h**4 - b*h**2 + 1/60*h**5 + 0*h + 0 + 1/2*h**3. What is l(-5)?
3
Let f(r) = -r + 2. Let z be (7 - (-3 + 7)) + -5. Let h be (0/(-3) + 0)/z. Give f(h).
2
Let f(o) = -o**2 + 11*o - 26. Let r be 14/(-3)*(-1380)/805. Determine f(r).
-2
Let a(z) = z**3 - 2*z - 5*z**2 - 2 + 12 - 7 + z. Give a(5).
-2
Let b be (38/(-3))/19*(-18)/(-4). Let o(w) = 6*w - 2. Determine o(b).
-20
Let c(k) = -2*k. Let s be c(1). Let j(m) = 34 + 34*m - 80*m - 7*m**2 - 33 + 44*m. Calculate j(s).
-23
Let v(a) be the second derivative of -11*a + 5/2*a**2 - 1/6*a**3 + 0. Determine v(5).
0
Let c(v) = v**2 - 1923 - 4*v + 6*v + 1919. Give c(-4).
4
Let p(j) = 209 + 2*j - 108 + j**2 - 3*j**2 - 101. Determine p(3).
-12
Let r(a) be the second derivative of -a**3/6 - 4*a**2 + a. Suppose 87*l + 49 = 80*l. What is r(l)?
-1
Let v(u) = -u + 3. Suppose -27 = 4*l - 11. Let n be (l/6)/(8/36). Calculate v(n).
6
Let o be (10 - 1)/(-3) - 2. Let b be (3 + -3 + o)*1. Let c(x) = -2*x + 8. Let f(s) = s - 1. Let a(l) = -c(l) - f(l). Determine a(b).
-12
Let j(a) = 9*a**2 - 1 - 2*a**2 + 0*a**2. Let y be ((-76)/20 - -2)*-5. Suppose -2*x - 7 = -y*x. Determine j(x).
6
Let m(k) = 8*k**3 + 0*k**3 - 12*k - 9*k**3 - 12*k**2 - 4 - 8. Let h be m(-11). Let o(n) be the third derivative of -11*n**5/60 + n**3/6 + n**2. Determine o(h).
-10
Suppose -5*y - 2*g = -38, 0 = -2*y - 3*y - g + 39. Suppose 18 = -y*s - 6. Let h(n) = 2*n + 3 - 4 - 1. Determine h(s).
-8
Let g(c) be the second derivative of 3*c**2 - 1/20*c**5 - 26*c + 0 - 1/3*c**3 + 5/12*c**4. Determine g(5).
-4
Let p(o) = o**2 - 2 - 16*o - 6*o**3 - 9*o + 35*o - 12*o. What is p(-1)?
7
Let r(c) = -8*c - 5*c + 11700*c**2 + 5*c - 10 - 11698*c**2. Determine r(5).
0
Let j(v) = v + 1. Suppose 11*a = -10 - 1. Let m be j(a). Let p(s) = s - 18. What is p(m)?
-18
Let p(v) be the second derivative of v**3/2 + v**2/2 - v. Let k(r) = r**3 + 12*r**2 - 14*r - 12. Let f be k(-13). Give p(f).
4
Let d(u) be the second derivative of -u**4/12 - 5*u**3/3 + 5*u**2/2 - 31*u. What is d(-11)?
-6
Let r be ((-60)/45)/(16/24). Let u(w) = 7*w**2 + 4*w + 4. Give u(r).
24
Let u = 50 + -18. Let f = u - 26. Let v(m) = m**3 - 5*m**2 - 3*m - 8. Calculate v(f).
10
Let g(p) be the third derivative of -p**6/120 + p**5/12 + p**4/12 + p**3/2 - 98*p**2. What is g(4)?
27
Suppose 6*s - g - 14 = 3*s, 4*s = 4*g + 24. Suppose -s*y - 1 = -2*x + 7, 13 = -3*y + 5*x. Let w(b) = -8*b - 1. Determine w(y).
7
Let b(h) = -4*h**3 + 5*h**2 + 4. Let x(o) = 5*o**3 - 6*o**2 - 4. Let c be 74/6 - 12/(-18). Let r = -10 + c. Let g(q) = r*x(q) + 4*b(q). Give g(3).
-5
Let w(k) = k**2 - 4*k - 4. Let m(r) = 25*r - 219. Let l be m(9). Give w(l).
8
Let j(t) be the third derivative of 2*t**4/3 + 43*t**2. What is j(1)?
16
Suppose -3*h + 4*j - 46 = 2*h, -j - 11 = h. Let d = 12 + h. Let g(v) = -3*v - 5. Let w(b) = b + 2. Let p(m) = 2*g(m) + 5*w(m). Give p(d).
-2
Let z(g) be the second derivative of 0 - 7/2*g**2 - g**3 - 11*g - 5/12*g**4 + 1/20*g**5. Determine z(6).
-7
Let l = 72 + -68. Suppose -l = -3*o + 14. Let g(b) = b**3 - 6*b**2 - 3. Determine g(o).
-3
Let s(u) = 15*u**2 + 10*u + 2. Let q(c) = -31*c**2 - 23*c - 5. Let z(t) = -4*q(t) - 9*s(t). Determine z(-2).
-46
Suppose -f + 3 = 6. Let h(b) = -b**3 - 3*b**2 + 4*b + 2. Let v be h(-4). Let r(p) = -3*p + 16*p**2 + p**3 + 2 - 16*p**v. Determine r(f).
-16
Let b(x) = -x**3 - 9*x**2 - 2*x - 11. Let d be b(-9). Let j = 12 - d. Suppose 4*o = -q + 4 - 12, -j*o - 10 = -3*q. Let z(g) = -g**2 - g. Calculate z(o).
-2
Let z(h) = 12*h**3 + h**3 - 2 - 12*h**3 - 10*h + 9*h**2. What is z(-10)?
-2
Let t(n) = n**3 - n - 3. Suppose 3*w + 0*w = 51. Suppose w = 2*b + 47. Let p be 0*(2 - b/(-6)). Calculate t(p).
-3
Suppose -29*q = -896 + 838. Let m(p) = -3*p - 5. Let f(u) = 10*u + 14. Let w(s) = 6*f(s) + 17*m(s). Determine w(q).
17
Let r(m) = -2*m**3 + 3*m**2 + 3*m + 2. Let f(j) = -28*j - 165. Let b be f(-6). What is r(b)?
-16
Suppose 0 = -d + 4*d - 18. Let w(m) = m - d*m - 7*m + 13*m + 4. Determine w(-6).
-2
Let g(x) = 3 - 6 - 3*x**2 + 4. Let c(f) = 14*f**2 - 108*f - 33. Let w be c(8). Give g(w).
-2
Let c(p) be the third derivative of p**6/120 - p**5/15 + 5*p**3/6 + p**2. Let w = -61 - -68. Suppose 3*z = w + 5. Calculate c(z).
5
Let z(x) = 311*x**2 + 309*x**2 - 1 + 314*x**2 + 4*x - 1237*x**2 + 304*x**2. Let l = -1 + -2. Determine z(l).
-4
Let o(u) = -2*u + 3 - 6*u**2 - u**3 + 2*u**3 + 5*u. Suppose 18*x - 22*x + 8 = 0. Suppose -p - 25 = -5*g + x*p, 0 = -p. Calculate o(g).
-7
Let j = -8 - -10. Suppose -i = i + 5*q - 31, j*i + 14 = 4*q. Suppose 0 = -i*d - 3 - 3. Let t(g) = 2*g**3 + 3*g**2. Give t(d).
-4
Let u(r) = 2*r**2 + 3*r + 1. Let z be u(-2). Let k(c) be the second derivative of -5/2*c**2 - 7*c - 1/3*c**z + 0. Calculate k(-6).
7
Let m(n) = n**3 - 1. Suppose -13*c - 11 = 2. Determine m(c).
-2
Let r(f) = 77*f**2 - 2 - f**3 - 41*f**2 - 37*f**2 - 2*f. Calculate r(-2).
6
Let y be 4/(-30) - (-12120)/(-225). Let p = y + 55. Let k(h) = 2*h**2 + 2*h - 1. What is k(p)?
3
Suppose 5*r = -2*q - 4, r - 3*q = -4*r + 6. Let z(h) = h**2 + 4*h - 1. Let g(o) = -o**2 - 3*o + 1. Let w(x) = -4*g(x) - 3*z(x). Determine w(r).
-1
Let f(z) = z**3 + 2*z**2 - z + 4. Suppose 16*r = 24*r + 24. What is f(r)?
-2
Let d(j) = 31*j**3 - 38*j**2 + 17*j + 5. Let a(m) = -11*m**3 + 13*m**2 - 6*m - 2. Let v(i) = 17*a(i) + 6*d(i). Calculate v(-7).
-4
Let c(k) = -k**3 + 7*k**2 - 6*k + 6. Let z = 200 + -194. Give c(z).
6
Suppose 6*n - 26 = 10. Let g(a) = -a**3 + 7*a**2 - 5*a - 7. What is g(n)?
-1
Let s = 468 + -460. Let v(b) = -b**3 + 9*b**2 - 6*b - 3. Calculate v(s).
13
Suppose 0 = 2*w - 10, 5*w = -5*x - 23 + 143. Let r(p) = p**3 - 3*p**2 - 5*p - 6. Let c be r(5). Let k = c - x. Let t(j) = -j**3 + j**2 + j - 1. Give t(k).
-1
Let v(n) = n**2 + 6*n + 6. Let t = 1831 - 1835. Determine v(t).
-2
Let z(a) be the first derivative of -a**3/3 + 2*a**2 - 5*a + 2. Suppose -126 - 18 = -36*l. Determine z(l).
-5
Let s(m) = -334*m - 4*m**3 + 6*m**2 - 2*m**2 + 338*m - 10 + 3*m**3. Determine s(4).
6
Suppose -74*z - 17 = -57*z. Let j(k) = -k**3 + 5*k**2 - 2*k - 2. Let b be j(4). Let v(x) = -b*x**2 + 